ts digit of h?
6
Let k = 7 + -5. Suppose 29 = k*b - 1. What is the tens digit of b?
1
Suppose -5*l + 3*c = 0, c - 10 = -c. What is the units digit of l?
3
Let a(w) = -w**3 + 7*w**2 - 6*w - 6. Let d be a(6). Let k = 10 + d. Let p = k + -2. What is the units digit of p?
2
Let l(r) = r**2 - 3*r + 3. Let w be l(4). Suppose 3*y = 17 + w. What is the units digit of y?
8
Let b = -5 - -8. Let g = -1 - b. What is the units digit of (16/12)/(g/(-18))?
6
Let g = -1 + 4. Let i(n) = n**3 - 3*n**2 + 2*n + 1. Let j be i(g). Suppose j = 5*f - 3. What is the units digit of f?
2
Let t be 1 + (-17 + 1)/(-2). Let k(b) = 4*b + 6. What is the units digit of k(t)?
2
Let w(d) = -4*d**2 + 11*d - 6. Let h(g) = g**2 - g. Let a(p) = 3*h(p) + w(p). What is the units digit of a(7)?
1
Let j = 924 + -658. What is the units digit of j?
6
Suppose -30 - 85 = -5*t + 3*p, -109 = -4*t - p. Suppose 0 = -3*n + 7 + t. What is the units digit of n?
1
Suppose 2*p - 3*y + 0 = -6, 3*p + 4*y = 8. Suppose -4*c + 28 = 2*q, -7*q + 3*q - c + 56 = p. What is the tens digit of q?
1
Let h(s) = 0*s**2 + s + 3 + s**2 + 5. Let u be (0/1)/(0 + -1). What is the units digit of h(u)?
8
Suppose 5*u - 6 - 14 = 0. Suppose -3*w = -2*w - u. Suppose -2*c = -6 - w. What is the units digit of c?
5
Let q(t) = t + 4. Let r be q(4). Let p be (-2)/(-4) - (-44)/r. Suppose p = -2*k + 5*n, -3*n = -5 - 7. What is the units digit of k?
7
Suppose 3*k + 6 = 0, -2*g + 2*k + 82 = 12. Let m = g + -48. What is the units digit of (-58)/(-6) - (-10)/m?
9
Let j(q) = 2*q - 8. Let b be j(4). Suppose b = 3*v + 4*u - 39, 3*v - 4*u = 44 - 5. What is the units digit of v?
3
Let t(n) = 0 - 5 + 4 + n**2 + 3*n. Let k be t(-3). What is the units digit of (k + 8 + -2)*1?
5
Let g(b) = -b**2 + 12*b - 7. Let d be g(6). Suppose 3*i = -5*j + d, -5*j - 4 + 21 = -i. What is the units digit of j?
4
What is the tens digit of 88/20*(-2 - -17)?
6
Suppose -14*w - 100 = -18*w. What is the tens digit of w?
2
Suppose 3*a - a = 170. Suppose 0*o = o - a. Suppose 0 = 3*f + 2*f - o. What is the units digit of f?
7
Suppose -3 - 1 = -h. Suppose -h*c = -c - 48. What is the tens digit of c?
1
Suppose -f = 5, -3*s - 8*f + 3*f = -74. Let h = s - 19. What is the units digit of h?
4
What is the units digit of (-70)/(-3) + (-1)/3?
3
What is the tens digit of ((-11)/4)/((-111)/36 - -3)?
3
Suppose t - 2*v = -2*t + 134, 0 = 4*v - 20. What is the tens digit of t?
4
Suppose -5*x + 20 = -0*x. Suppose -x*a = 2*m - 26, a - 3*a - 82 = -4*m. What is the units digit of m?
9
Let u be 2 + -2 - (3 - 3). What is the units digit of (u + 13)*-1*-1?
3
Suppose -5*f - 4*o = -38, o + 21 = 4*f - 22. What is the units digit of f?
0
Suppose -5*o - 13 = -338. Suppose o = 4*z + z. What is the tens digit of z?
1
Suppose 0 = -b - 5*r - 18, 2*b + 2*r = -82 + 30. Let t = 48 + b. What is the tens digit of t?
2
Let u = -3 + 1. Suppose 44 = 3*v - 4*m, 0*v = -4*v + 2*m + 42. Let b = v - u. What is the tens digit of b?
1
Suppose -4*s - 13 + 1 = 0. What is the tens digit of s/(-1)*(-10)/(-2)?
1
Suppose 0 = 4*i - 5 - 27. Let y(p) = -p + 8. Let g be y(i). Let u(d) = -d**2 - d + 8. What is the units digit of u(g)?
8
Let g = 218 + -116. What is the units digit of g?
2
Suppose -4*w + 5*u + 68 = -19, 42 = 2*w - 4*u. Suppose -3*d + 2*d + w = 0. What is the units digit of d?
3
Let y = 50 - 26. What is the tens digit of y?
2
Let x(g) = -g**2 + g - 1. Let v be x(0). Let t = v - 1. Let f = t + 8. What is the units digit of f?
6
Let t = 3 - 2. Suppose -2*c + 5 = t. What is the units digit of c?
2
Let p(i) = i**3 + 9*i**2 - 3*i - 7. What is the units digit of p(-7)?
2
Let g(h) = -h**3 - 11*h**2 - 13*h + 7. What is the units digit of g(-10)?
7
Suppose -153 = -5*w + 2*w. What is the units digit of w?
1
Suppose -r + 39 + 26 = 0. Suppose 0 = -4*t + 2*x - 5*x + r, -20 = -2*t - 4*x. What is the units digit of t?
0
Let t(l) = l**3 + 6*l**2 - 8*l - 3. Let q be t(-7). Suppose 0 = 2*s - 76 + 4. Suppose s = q*x - 0. What is the units digit of x?
9
Let g(o) be the second derivative of o**5/20 + o**4/4 + o**2/2 + 2*o. What is the units digit of g(-3)?
1
Let v = 5 - -40. What is the units digit of v?
5
What is the tens digit of 11 + 6 - (-4 + -1 + 2)?
2
Let k(f) = -f**3 + 8*f**2 + 7*f + 9. Let z be k(7). Suppose -5*g = -63 - z. What is the tens digit of g?
3
Suppose -6*b - 420 = -10*b. What is the hundreds digit of b?
1
Let w(z) = z**3 - 2*z**2 - 1. Let c be w(3). Suppose 0 = 3*r - c + 23. What is the units digit of (-2)/r + 46/10?
5
Let a(j) = -29*j - 3. What is the tens digit of a(-4)?
1
Suppose 0 = -2*i - 6 - 6. What is the tens digit of 2/i - (-170)/15?
1
Let v(b) = -b**2 - 11*b - 7. Let a be v(-10). Suppose a*g - 5*q = 79, -4*g + 2*q + 170 = 46. What is the tens digit of g?
3
Let l = -1 + 13. Let k(d) = -d**3 + 11*d**2 + 11*d + 17. What is the units digit of k(l)?
5
Suppose -2*n = -b + 28, 3*n = 7*n - 12. What is the units digit of b?
4
Let m(s) = -11*s**3 - s**2 - s. Let n = 7 - 8. What is the tens digit of m(n)?
1
What is the tens digit of (-1 - (-580)/(-12))*(-9)/6?
7
Let d(j) = 5*j**2 - 2. Suppose -4 = 4*l - 6*l. Let g be d(l). Suppose g = 4*s + 2. What is the units digit of s?
4
Suppose -3*y + 5*r = -24, 21 = -0*y + 4*y - 3*r. What is the units digit of 28/y + 2/(-6)?
9
Let h be (-3)/1*(-15)/3. Let r = h + 0. What is the tens digit of r?
1
Suppose -2*o = 4*l - 20, -5*o - 2*l = -4*l + 10. Suppose -2*j + 66 = -2*v, o = -6*j + 2*j - 4*v + 92. What is the tens digit of j?
2
Suppose -2*v + 2 + 2 = 0. What is the tens digit of (-30)/(-35)*(v - -26)?
2
What is the tens digit of 4 + (-5055)/(-21) - 6/(-21)?
4
Let y(d) = -d - 2. Let g(f) = -f**2 + 4*f - 3. Let r = -6 - -10. Let k be g(r). What is the units digit of y(k)?
1
What is the tens digit of (-2)/(-8) - (-3 + (-549)/12)?
4
Let a(h) = h**2 - 7*h + 6. What is the tens digit of a(12)?
6
Let j(w) = w - 1. Let g be (2 - 2/(-2))/1. Let m be j(g). Suppose -3*b = 4*k + m*b - 23, -5*b + 17 = k. What is the units digit of k?
2
Let c(k) be the second derivative of k**5/20 + k**4/2 - 3*k**3/2 - 4*k**2 + 3*k. What is the units digit of c(-7)?
6
Suppose 3*n + 2*t - 125 = 0, 33 = n + 2*t + 3*t. What is the units digit of n?
3
Let v = -31 + 16. What is the units digit of (v/(-9))/(10/12)?
2
Suppose 4*t + 6 = l, -2 = -4*l - 4*t + 2. Suppose -20 = -2*h - l*h. What is the units digit of h?
5
Let b = 2 - 2. Suppose 4*d = -2*l - 12, -3*l - 4*d = 12 - b. Suppose l = 2*t + t - 48. What is the units digit of t?
6
Let j = -7 - -6. What is the units digit of (-1 - (1 - 0))*j?
2
Let l(a) = a**2 - 6*a + 5. Suppose -3 = c + 1. Let q be c/(-22) - (-75)/11. What is the tens digit of l(q)?
1
Suppose -959 = -10*l + 1761. What is the tens digit of l?
7
What is the tens digit of (-1810)/(-65) + 4/26?
2
What is the units digit of ((-67)/1)/(-1*(2 - 1))?
7
Suppose -3*b = 2*b - 2*s - 82, -3*b + s + 49 = 0. What is the tens digit of b?
1
Let u(v) = v**2 - 2. Let f be u(3). Let q = 2 + f. What is the units digit of q?
9
What is the tens digit of (-9 - 8/(-2))*-21?
0
Suppose 6*t = 4*t + 114. What is the units digit of t?
7
Let g(b) = -2*b**2 + 3*b + 8. Let h(a) = -3*a**2 + 7*a + 15. Let m(x) = 5*g(x) - 3*h(x). Let d be m(-4). What is the units digit of d*(-2 - (0 + -3))?
3
Suppose 5*l = -4*b + 190, 24 + 3 = l + 3*b. What is the tens digit of l?
4
Let j be (-8)/(-28) + (-12)/(-7). Suppose j = n + n. What is the units digit of n?
1
Let r(n) = 0*n**3 + 2*n**2 - n**3 - 5*n - 2 - 7*n**2 + 2*n. Let v be r(-4). What is the tens digit of (105/(-20))/(v/16)?
1
Let p = -40 + 116. What is the tens digit of p?
7
Let y(h) = -h**3 - 13*h**2 + h + 19. What is the units digit of y(-13)?
6
Let w(l) = 2*l. Let g be w(3). Let c(b) = -6 + 3*b + 3 - g. What is the units digit of c(6)?
9
Let r(w) be the first derivative of w + 1/3*w**3 + 1 - 3/2*w**2. What is the tens digit of r(5)?
1
Suppose -3*u + 4*i + 120 = -u, -4*i = u - 90. What is the tens digit of u?
7
Suppose 2*h + 84 = 6*h. Let v = -13 + h. What is the units digit of v/(4*(-3)/(-6))?
4
What is the tens digit of 3/2 + (-154)/(-4)?
4
Suppose 5*p - 12 + 2 = 0. Suppose 0 = 5*y, 0 = 4*a - y - p*y - 168. Let i = 59 - a. What is the units digit of i?
7
Suppose p - 4*l = -3*l + 114, -562 = -5*p + l. Suppose -y + 36 - 8 = -3*c, -2*c = -3*y + p. What is the tens digit of y?
4
